= -s**2 - s. Let k be c(0). Suppose -32 = -k*p - 4*p. What are the prime factors of p?
2
Let u be (1/(-2))/(8/(-32)). Let y be -1 + 1 + (u - 0). Suppose 10 = y*n - 0*n. List the prime factors of n.
5
Let s(d) = 6*d + 3*d**2 - d - 2*d**2 - 9 + 0*d**2. Let y = -9 + 1. What are the prime factors of s(y)?
3, 5
Suppose 5*f - 23 = 2. Suppose o - f = -0*o. Suppose 0 = 4*c - o*c + 4. What are the prime factors of c?
2
Let h = -240 - -483. What are the prime factors of h?
3
Let b be (-1)/2 - 10/(-4). Suppose -3*c - n - b + 1 = 0, -1 = -c - n. What are the prime factors of (c + 2/6)*-21?
2, 7
Suppose b + 2 = 0, -a = 5*b + 7 - 3. Let q = -4 + a. Let v = q + 0. List the prime factors of v.
2
Suppose d + 6 + 3 = 0. Let x = d + 15. Suppose -3*f = -x*f + 18. List the prime factors of f.
2, 3
Let q = 38 - 24. What are the prime factors of q?
2, 7
Let l(r) = r**2 - 11*r - 4. Suppose -12 = n - 5*n. Suppose 0 = 2*d - 5*s - 29, -n*d + 4*d = -s + 11. What are the prime factors of l(d)?
2
Suppose 3*c - c - 40 = 0. What are the prime factors of c?
2, 5
Let z(j) be the third derivative of 1/30*j**5 + j**2 + 0*j**4 + 0*j + 1/6*j**3 + 0. What are the prime factors of z(1)?
3
Let l(b) = b + 3. List the prime factors of l(16).
19
Suppose 3*j - 148 = -j + 5*z, 0 = -2*j - z + 88. List the prime factors of j.
2, 3, 7
Suppose -3*w + 222 = -4*o, -2*w + 7*o = 3*o - 144. List the prime factors of w.
2, 3, 13
List the prime factors of (22/(-6))/((-7)/42).
2, 11
Let d be -2 - -2 - (2 - 7). Let r(a) = -a**2 + 2. Let v be r(0). Suppose 0 = -2*i + v, -3*i + 51 = d*u - 2*i. What are the prime factors of u?
2, 5
Let g = -9 - -6. List the prime factors of (g/1)/((-2)/14).
3, 7
Let j(o) = 17*o**3 - 1. Let n = 1 - 0. Let w be j(n). Suppose w = 3*g - g. What are the prime factors of g?
2
Let c(t) = 2*t - 7. Let n(y) = -y + 3. Let u = 6 + -10. Let a(p) = u*c(p) - 9*n(p). List the prime factors of a(7).
2
Let q be (-6)/9 + (-94)/(-6). Let l = q + -10. Suppose -5*z = 5*r - 65, -l*z + 41 = 3*r - 0*r. List the prime factors of r.
2, 3
Let z(q) = 3*q + 5*q**2 + 3*q**2 + 0*q**3 - 8 - q**3. What are the prime factors of z(8)?
2
Let k = -6 + 9. Suppose 4*y + o = -0*y + 71, -k*o = -5*y + 93. List the prime factors of y.
2, 3
Suppose 0 = -5*i + 20 - 0. Let y = i + -3. What are the prime factors of (-1 - -1)/y + 5?
5
Suppose 3*m - 2*m - 33 = 0. Let l = -20 + m. Suppose f = 2*f - l. What are the prime factors of f?
13
Suppose -g + 14 = -14. Let c = -16 + g. Suppose -4*u = -0*u - c. List the prime factors of u.
3
Suppose -3*u + 2*l = -u - 2, -4*l = 5*u - 41. Suppose -u*p = -3*p - 14. List the prime factors of p.
7
Let d(l) = l - 7. Let q be d(7). Let h be (1 + 1)/4*q. List the prime factors of -22*(h + (-2)/4).
11
Suppose -7*h = -5*h - 48. Suppose -3*q + 5*q - 30 = 0. Let m = h - q. What are the prime factors of m?
3
Let k(f) = f**2 + 4*f - 5. Let y be k(-5). Suppose y = -2*l - 6 + 4. Let i(d) = 14*d**2 + 1. What are the prime factors of i(l)?
3, 5
Suppose -4*q - 4*i + 16 = 0, -4*i + 2 = 3*q + i. Let x = q + 4. What are the prime factors of x?
13
Let j(m) = m + 115. List the prime factors of j(0).
5, 23
Suppose -3*x + 13*d + 354 = 16*d, 4*x + d - 481 = 0. What are the prime factors of x?
11
Let x(m) = -m**3 - 4*m**2 - 2*m. Let g be x(-3). Let i(c) = -c**3 + 2*c**2 + 1. List the prime factors of i(g).
2, 23
Let p(v) = 2*v + 3. Suppose 0 = -d - 2*d + 12. Suppose -5*z - 6 = o, d*z = o - 10 - 2. What are the prime factors of p(o)?
11
Suppose -2*c - c + 2*j = -98, 2*j + 34 = c. What are the prime factors of c?
2
Suppose 0 = -3*w + 46 + 32. Suppose 2*z + 31 = i, 5*i - 4*i + 3*z - w = 0. What are the prime factors of i?
29
Let j be (0 + 0)/((-42)/14). Let n be ((-4)/(-12))/((-2)/(-66)). Suppose -8 = -4*y, 3*g - 2*y - n = -j*y. List the prime factors of g.
5
Let m(u) = -15 + 2*u**2 - 9*u**2 + 8*u**2 - 13*u. List the prime factors of m(15).
3, 5
Let c(r) = -r**2 - 5*r - 1. Let i be c(-2). Let t be 6/(-2)*i/(-3). Suppose -4*h = t*d - 89, 0*d - 3*d = -5*h - 46. What are the prime factors of d?
17
Let j be 76/16 + 2/8. Suppose -j*m + 3*p = -p - 40, 3*m - 51 = -3*p. What are the prime factors of m?
2, 3
Suppose 0 = 10*w - 6*w - 60. List the prime factors of w.
3, 5
Let a(h) = 3*h**2 - 3. Let d be a(-3). Suppose 2*j = 2*n, 0 = -2*j - 3*n + d - 4. What are the prime factors of j?
2
Let q be -1 + (1*-2)/(-2). Let l be 1*(1 + q) + -3. Let o = 8 + l. What are the prime factors of o?
2, 3
Let x = -3 + 11. Suppose 2*y + 37 = z, 3*z - x*z + 4*y = -209. Suppose -2*p = -h + 2*p + 33, 4*p - z = -5*h. What are the prime factors of h?
13
Let s = 13 - -77. List the prime factors of s.
2, 3, 5
Suppose 2*u - t = u + 3, 4*t + 15 = 5*u. Suppose -6 = -2*q + u*m, 5*m - 57 = -5*q + 2*m. List the prime factors of q.
3
Suppose -3*t - 6 = m, -5*m + m = t - 9. Let w = m + -1. Suppose -3*j + 15 = w*j. What are the prime factors of j?
3
Suppose 77 = 3*v - 4*b - 15, 0 = -3*v + 2*b + 100. What are the prime factors of v?
2, 3
Let w be 0/((-2)/(-2 + 1)). Suppose 47 + 5 = -4*x. What are the prime factors of (w + -1)*(x - -1)?
2, 3
Let z(x) = x - 1. Let q be z(1). List the prime factors of 19 + 5 + q + 0.
2, 3
Let h(n) = -6*n - 1. Let j be h(-1). List the prime factors of (2/j)/(3/135).
2, 3
Let y be -7 + 8 + 2*4. Let n = -7 - y. Let h = -2 - n. What are the prime factors of h?
2, 7
Suppose 0 = -5*h + 139 + 116. What are the prime factors of h?
3, 17
Let c = -24 - -89. Suppose -5*h - 5*k = -c, h + 3*k - 4 = 9. List the prime factors of h.
13
Let i be (-6)/(-30) + 309/5. Suppose -5*w + i = -213. List the prime factors of w.
5, 11
Suppose 5*r - z - 37 = 0, 2*r = -3*r + 3*z + 41. Let j = r - 4. Suppose 3*a - 2*s = 49, -9 = j*a - 4*a - 3*s. List the prime factors of a.
3, 5
Suppose -5*k + 3 = -q + 77, 5*q - 62 = 3*k. What are the prime factors of -1*2/4*k?
7
Suppose -2*g - 2*g + 4*v = -28, 5*v = -3*g - 19. Suppose 0*c + 24 = g*c. List the prime factors of c.
2, 3
Suppose 30 = 3*f - 24. What are the prime factors of f?
2, 3
Let x(g) = -g**2 - 12*g + 15. Let k be x(-11). Let q = 45 - k. What are the prime factors of q?
19
Let q be ((-7)/(-3))/(2/42). Suppose -q = -3*u - w, 2*w + 11 = u + w. Suppose u - 39 = -4*h. List the prime factors of h.
2, 3
Suppose 5*z = 2*u - 2 + 73, -3*u = z - 21. What are the prime factors of z?
3, 5
Let y = 28 + -22. Suppose l + 110 = y*l. What are the prime factors of l?
2, 11
Let j(t) = -2*t + 33. List the prime factors of j(12).
3
Let m = 181 + -115. List the prime factors of m.
2, 3, 11
What are the prime factors of (-25)/(2 - (-14)/(-6))?
3, 5
Let y = -2 + 2. Suppose -o + 3*o - 24 = y. Suppose -o = a - 2*a. List the prime factors of a.
2, 3
Let g(m) = -27*m. Let z be g(-1). Let c(q) = q + 7. Let v be c(-4). List the prime factors of v/12 + z/4.
7
Let m(r) = 2*r**2 - 2. Let j be (-4)/(-26) + 84/(-39). Let c be m(j). Suppose -2 - c = -k. What are the prime factors of k?
2
Let p = 5 - 0. Suppose 0 = p*u - 0*u - 235. Suppose 0 = 4*n - u + 3. List the prime factors of n.
11
Suppose 3*f = -2*f - 5. Let u = f - -23. Suppose -2*k + 0*k = -u. What are the prime factors of k?
11
Let z(l) = l + 1. Let j(p) = 0*p - 2 - 3 - 7*p. Let s(w) = 2*j(w) + 10*z(w). What are the prime factors of s(-3)?
2, 3
Let m be (-194)/(-22) - 10/(-55). Let f = 19 - m. List the prime factors of f.
2, 5
Let q(u) = -2*u + 2. Suppose -5*c - 35 = 5*r, -2*c = 3*r - 4*c - 4. Let g be q(r). What are the prime factors of g/21 + (-150)/(-14)?
11
Let d be 72/27*18/(-4). What are the prime factors of (-12)/6 - (1 + d)?
3
Suppose -3*s - 15 = -5*f + 4, f = s + 3. Let z(p) be the second derivative of p**3/3 + p**2 - 3*p. List the prime factors of z(f).
2, 3
Let x = -12 - -24. Suppose 0*k = k + 3*g - 6, -2*k + x = g. Suppose -6 - k = -4*w. What are the prime factors of w?
3
Suppose 3*w - 66 = -5*y + 6*w, 2*w + 69 = 5*y. List the prime factors of y.
3, 5
Suppose -c = 3*p - 13 - 12, -2*p - c = -15. Suppose 5*t + p = f - 42, -4*t - 51 = -f. What are the prime factors of f?
47
Suppose -5*d + 2*d - 4*z + 45 = 0, 2*d - 53 = 5*z. Suppose -2*b = -11 - d. What are the prime factors of b?
3, 5
Suppose -3*r = 2*t - 48, -4*t + 127 = t + 4*r. List the prime factors of t.
3
Suppose -4*j + 5*b - 52 = 0, j + 3*b = 7*b - 24. Let a = j - 1. What are the prime factors of 3/a - 111/(-